 - -4). Let h be 174/p - (72/20 + -3). What is the greatest common divisor of h and b?
11
Let z be (-27)/(-45) - (-2694)/10. Suppose 0*l - 4*l + y + 275 = 0, 4*l - 2*y = z. What is the highest common factor of l and 14?
14
Let l(v) = -v**3 - 10*v**2 - 4*v + 11. Let n be l(-10). What is the greatest common divisor of 3 and n?
3
Suppose 3*y + 71 = 3*c + 5, 2*c - 5*y - 41 = 0. Calculate the highest common divisor of 1541 and c.
23
Let w(c) = 40*c - 997. Let o be w(25). What is the greatest common divisor of o and 759?
3
Suppose 4*q + 310 = m, 0*q - 4*q = -5*m + 1630. What is the highest common divisor of m and 45?
15
Suppose -5*x + 3 = -4*m - 44, 40 = 4*x - 4*m. Let j = -159 + 187. Calculate the highest common divisor of j and x.
7
Let t(s) = s**2 - s - 10. Let u(v) = -v**2 + 10. Let d = 3 + -9. Let i(a) = d*t(a) - 7*u(a). Let c be i(-8). Calculate the highest common divisor of c and 2.
2
Let b = 11 - -4. Let s = b - -12. Suppose -3*x + 4*v = -34, 2*x + 2*v = v + 41. What is the highest common divisor of s and x?
9
Let a = -633 + 753. Calculate the greatest common factor of a and 90.
30
Let d be (-147)/(-2) - (4 + (-10)/4). Let u be ((3 - 3) + -3)/(-1). Suppose -7*b + 72 = -u*b. Calculate the highest common factor of d and b.
18
Let u(h) = -4*h - 8. Let s be u(-8). Let v = s + -11. Let c = 25 - v. What is the greatest common factor of 132 and c?
12
Let y(r) be the second derivative of -r**3/6 + 15*r**2/2 + 4*r. Let o be y(14). Let q be 76/16 + (-2)/(-8). What is the highest common factor of o and q?
1
Let n = -2 + 2. Suppose -h = -5*h + w - 80, n = 2*h + 2*w + 30. Let f = h + 35. What is the highest common divisor of f and 64?
16
Suppose 0 = 5*a - 5, -3*i + a - 1411 = 705. Let k = i - 570. Let s be (2/5)/((-30)/k). Calculate the highest common factor of 34 and s.
17
Suppose 11*m = -5*g + 8*m + 225, -4*m = 0. Calculate the greatest common divisor of 255 and g.
15
Suppose 2*k - 198 = -4. Let h = 234 + -97. Let t = h - k. What is the greatest common factor of t and 8?
8
Let j be 3/(-15)*5*-49. Calculate the greatest common divisor of 343 and j.
49
Let x(b) = -b**3 + b**2 + b - 1. Let u(m) = m**3 - 17*m**2 - 2*m + 18. Let g(o) = u(o) + 2*x(o). Let w be g(-15). What is the highest common divisor of 2 and w?
2
Suppose -15*n + 120 = -150. What is the highest common factor of 9 and n?
9
Suppose 10*p - 619 = 561. What is the greatest common divisor of 354 and p?
118
Let y be (-30)/(-20)*((-600)/(-9) + 0). Calculate the greatest common factor of y and 4.
4
Let a be (-289)/(-4) + (-2)/8. Let c(o) = -9*o - 92. Let r(i) = i. Let s(u) = -c(u) - 5*r(u). Let x be s(-21). Calculate the greatest common factor of a and x.
8
Suppose -m - 5 = 3*r + 5, 0 = r + 2*m. Let k be 4 + -4 + r + 46. Calculate the greatest common factor of 21 and k.
21
Let z(g) = -g**3 - 19*g**2 - 7*g - 47. Let y be z(-19). Calculate the highest common factor of 817 and y.
43
Let v be (-523)/(-2) - (-1)/(-2). Let u(b) = -b**3 + 10*b**2 + 8*b - 3. Let l be u(10). Let f = -48 + l. Calculate the highest common divisor of f and v.
29
Let i(y) = -3*y - 2. Let t(a) = -4*a - 3. Let g(f) = -7*i(f) + 6*t(f). Let x be g(-6). Calculate the highest common divisor of 126 and x.
14
Let r be 0/8*1/(-2). Suppose r = 2*o - 4*o - 34. Let n = o + 31. Calculate the highest common factor of 21 and n.
7
Suppose -5*b - 21 = -3*z, -2*b = 9*z - 11*z + 18. Calculate the greatest common divisor of 84 and z.
12
Suppose -5*j - 20 = -245. Calculate the greatest common divisor of j and 18.
9
Suppose -y - 2*y + 141 = 0. Suppose -9*s = -y - 313. What is the highest common factor of s and 16?
8
Let o be 2/6 + 33/9. Let h(i) = -3*i + 1. Let r(s) = s + 1. Let m(x) = h(x) + 2*r(x). Let n be m(2). Calculate the highest common divisor of o and n.
1
Let o be 16/(-12)*(2 + -5)*-2. Let a be (-62)/(-8) - (18/o)/9. What is the highest common factor of 16 and a?
8
Suppose q = 24 + 3. Suppose -q - 19 = -3*k + s, -4*k + s + 61 = 0. What is the greatest common factor of k and 75?
15
Suppose 29*c - 184 = -5*a + 31*c, 0 = a - 3*c - 29. Calculate the greatest common factor of 513 and a.
19
Let t = 125 + -233. Let i = t - -168. What is the greatest common divisor of 40 and i?
20
Suppose -4*f + 1132 = 3*g, -2*f + 4*f - 1496 = -4*g. Suppose 3*b = 7*b - g. What is the greatest common factor of 62 and b?
31
Let b be 11784/38 + (-130)/1235. Calculate the highest common factor of b and 20.
10
Let p(r) = r**3 + 2*r**2 + 4*r. Suppose m - 7 = -3*z, z + 2*m = 4*m + 14. Let k be p(z). What is the greatest common factor of k and 16?
16
Suppose -z + 6*z - 44 = -t, -2*z - 3*t + 15 = 0. What is the highest common divisor of 108 and z?
9
Let u = -133 - -68. Let r = 131 + u. Let h be 4/14 - 120/(-21). What is the highest common divisor of h and r?
6
Let l = 1211 + -949. Calculate the greatest common factor of 1179 and l.
131
Suppose -2*v - 4*g = -10, 0 = -5*v + 6*v + 5*g - 11. Let z = -4 + 7. Let d = z + -2. What is the highest common factor of v and d?
1
Suppose 0 = x - 17*x - 96. Let c be x/(5 - (-265)/(-50)). Let m(o) = 4*o + 6. Let s be m(6). What is the highest common divisor of s and c?
10
Suppose g + 5 = 2*g. Suppose y + 4*b = 78, -207*b - 276 = -4*y - 205*b. What is the greatest common factor of y and g?
5
Let t = -65 - -101. Let y be 3*(-12)/20*-5. What is the greatest common factor of y and t?
9
Let l(m) be the third derivative of -25*m**4/24 - 2*m**3/3 - 7*m**2. Let a be l(-5). What is the greatest common divisor of 11 and a?
11
Suppose 0 = 2*r - 4*r + 110. Suppose 0 = -21*s + 54 + 177. Calculate the highest common divisor of r and s.
11
Let y be 10 + (-9)/(45/(-10)). Let f = y + -10. Suppose -r - 2*a = -16, 3*a = 2 + 1. What is the highest common factor of f and r?
2
Let a(v) = -3*v + 3 - 2 - 5 + v**2 + 2. Let l be a(-1). What is the greatest common factor of 1 and l?
1
Let g be (10/(-25))/(5/(-25)). Let o be ((-4)/(-5))/((-6)/(-15)). Let h(j) = -j**2 + 3*j - 1. Let u be h(o). Calculate the highest common divisor of g and u.
1
Suppose -63*x = -66*x + 102. Calculate the greatest common factor of 6 and x.
2
Let s(u) = -u**3 - 35*u**2 + 157*u + 52. Let h be s(-39). What is the highest common factor of 169 and h?
13
Suppose -2*t - 318 = -2*n, 24*n - 25*n + 162 = 2*t. Let l(d) = 21*d**3 - d. Let w be l(1). What is the highest common factor of n and w?
20
Let b(t) = 66*t**2 + 2*t. Let p be b(-1). What is the greatest common divisor of p and 32?
32
Suppose 4*y - 137 = -25. Calculate the highest common factor of 476 and y.
28
Let z be (132/(-14))/(35/(-735)). Let u = 19 + 3. Calculate the highest common divisor of z and u.
22
Suppose 2*s = 3*z - 0*z + 58, s - 55 = -5*z. Calculate the highest common factor of 42 and s.
7
Suppose 0 = x - n - 3, 6*n + 17 = 5*x + 3*n. Let w = -29 + 97. Suppose 8*a - w = 3*a - x*g, g = a - 10. What is the highest common divisor of a and 48?
12
Let x = 295 - 255. What is the highest common divisor of 360 and x?
40
Let m be (-3 + 2 + 38 - -1) + -1. What is the highest common factor of m and 407?
37
Suppose -3*w + 139 - 37 = 0. Calculate the highest common factor of 340 and w.
34
Suppose -r = -2*r + 14. Let i(w) = -w**2 - 48*w - 145. Let q be i(-43). Calculate the greatest common divisor of r and q.
14
Suppose 3*s - 2*s = 56. Suppose -5*k + 25 = -21*t + 18*t, 7 = -k + 3*t. Calculate the highest common factor of s and k.
8
Suppose -2*v - 3*b = 2*v - 31, -5*v + 2*b + 56 = 0. Suppose -6*t + t + 47 = -c, -24 = -3*t + 2*c. What is the highest common factor of v and t?
10
Suppose p - 7 = -3*u + 35, 4*u = -2*p + 86. Let f = 60 - p. Calculate the greatest common divisor of f and 5.
5
Suppose 2*i - 1606 = -3*l + 1246, -5*l = 4*i - 4752. What is the greatest common divisor of 136 and l?
136
Suppose 0 = 5*p + 33 - 188. Let o = 412 + -164. What is the highest common divisor of p and o?
31
Let r be (1 - -1) + -1 + 79. Suppose 0 = 5*n + 5*j - 155, 0 = -j + 4*j + 3. Calculate the greatest common factor of n and r.
16
Suppose z + 62 = 3*m, 5*m + 23 = -z - 7. Let r = 53 + z. What is the greatest common divisor of r and 6?
3
Let s(c) = c + 13. Let j be s(-8). Suppose 0 = -5*z + 2*m + 14, 3*z = -z + j*m + 18. Calculate the highest common factor of z and 16.
2
Suppose 5*i - 4*x = -19, -5*i - 2*x + 3*x - 16 = 0. Let t be (-1)/1*21/i. Let a be 4/t*-